 10*p**s - 2*p**2 + 9*p**2. Let l be w(-1). What is the greatest common factor of l and 26?
13
Let u = 0 + 1. Suppose 5*j + 70 = 75. What is the greatest common divisor of u and j?
1
Let s be 2*-1*(-10)/10. What is the highest common divisor of s and 5?
1
Let z(n) be the first derivative of -n**2 + 22*n - 8. Let c be z(0). What is the greatest common divisor of c and 2?
2
Let j = 367 + -255. Let b = j + -55. What is the greatest common divisor of b and 19?
19
Let f(o) = 6*o**2 + 11*o + 25. Let w be f(-7). Let r be -1 - -1 - (-16 + -6). Calculate the greatest common factor of w and r.
22
Suppose 0 = 2*o - 9 - 3. Let x(h) = h**2 - h - 50. Let d be x(8). What is the highest common divisor of d and o?
6
Let q(k) = k + 1. Let w be q(3). Suppose -a = -2*a + 10. What is the greatest common divisor of a and w?
2
Let f be 5 - 1 - (-1)/(-1). Let h be (-4)/(-12) + 29/f. Calculate the greatest common divisor of 70 and h.
10
Suppose 51 = 3*v + 6. Calculate the highest common divisor of 15 and v.
15
Let p = 35 + -15. What is the highest common factor of p and 10?
10
Suppose 2*l = -5*k - 20 + 374, 0 = 2*k + 5*l - 129. Calculate the greatest common factor of 18 and k.
18
Let b = 58 + -22. Calculate the greatest common factor of 9 and b.
9
Suppose -4*l + l + 60 = 0. Let t = -1282 - -671. Let b = -391 - t. What is the greatest common divisor of b and l?
20
Suppose -6*d + 108 = -3*d. Calculate the greatest common divisor of d and 144.
36
Let m = 60 - 57. What is the highest common divisor of 6 and m?
3
Suppose 3*b + 0*h = -h + 336, 5*b - 4*h = 560. Let v(j) = -3*j**3 - j**2 + 3*j + 2. Let z be v(-2). What is the greatest common divisor of z and b?
16
Let h be -7*(4 - 2)*5/(-2). Calculate the greatest common divisor of 14 and h.
7
Let r be (-36)/(-2)*(-2)/(-4). Let t be (r/(-2))/(2/(-4)). Calculate the highest common divisor of 81 and t.
9
Let a = 1 - -85. Let o = -146 + a. Let d = o - -100. What is the highest common divisor of d and 8?
8
Let a(v) = v**3 + 47*v**2 + 40*v - 177. Let z be a(-46). Let j(x) = -x**3 + 6*x**2 - 4*x + 4. Let q be j(5). Calculate the greatest common divisor of z and q.
9
Let n(s) = s**3 - 10*s**2 + 11*s + 14. Let x be n(9). Calculate the greatest common factor of 48 and x.
16
Suppose r = -3*x + 2*r - 37, 2*x - 3*r + 13 = 0. Let k be (1 + -2)/(1/x). What is the highest common factor of 14 and k?
14
Suppose 5*h = 2*h - 138. Let o = -7 + 3. Let w be (-2)/o + h/(-4). What is the highest common factor of w and 108?
12
Suppose 12 = -5*f + 37. Let a(l) be the first derivative of -l**2/2 + 9*l + 3. Let z be a(4). What is the greatest common divisor of z and f?
5
Suppose -9*u = -13*u + 24. What is the highest common factor of 6 and u?
6
Let s = 118 + -3. Calculate the greatest common factor of s and 23.
23
Let w(z) = 10*z - 20. Let m be w(10). What is the highest common factor of 32 and m?
16
Let u = -6 + 51. Calculate the greatest common divisor of u and 45.
45
Let m = 21 - 14. Calculate the highest common divisor of 21 and m.
7
Let l be 6/(6/(-3)) + 5*9. What is the highest common factor of 42 and l?
42
Let i be 2/(-3) - (-5 - 34/6). What is the highest common factor of 10 and i?
10
Let n be 4 - (-4)/(-8)*2. What is the highest common divisor of 3 and n?
3
Suppose 0 = -4*v + v + 123. Let q = 140 - v. Calculate the greatest common factor of 9 and q.
9
Let c be 8/(-6)*(-9)/2. Let g(p) = -5*p + 7. Let o be g(-7). What is the highest common divisor of o and c?
6
Let t(v) = -5*v + 6. Let i(h) = h - 1. Let y(m) = 6*i(m) + t(m). Let j be y(2). Calculate the highest common factor of 22 and j.
2
Let n be (4 - 6)*(-27 + 5). Calculate the greatest common divisor of n and 11.
11
Let h = -6 + 10. Let n be (6 - h)/((-1)/(-9)). Calculate the highest common divisor of n and 2.
2
Let y = -474 - -686. Suppose 3*s - 4*j = -j + 120, j = -5*s + y. What is the greatest common factor of 14 and s?
14
Let g be 530/6 - (-1)/(-3). Calculate the greatest common factor of g and 11.
11
Let c = 47 - 40. What is the greatest common divisor of 63 and c?
7
Let v(d) = d**2 - d - 25. Let b(r) = -r**2 + r + 25. Let s(u) = -3*b(u) - 4*v(u). Let h be s(0). What is the greatest common divisor of 10 and h?
5
Suppose 0*o = -o + 5. Suppose -2 = -v + o*y + 2, -3*y = 3*v - 30. Calculate the highest common divisor of 36 and v.
9
Suppose -72 = 5*k + 5*b + 53, k - 5*b + 55 = 0. Let o = k + 42. Let i be 42/4*8/1. What is the greatest common divisor of i and o?
12
Let u be 57*((-8)/(-12))/1. What is the greatest common divisor of 76 and u?
38
Let i(o) = -4*o - 8. Let y be i(-3). Suppose 5*s = 2*s + 3*c - 87, -c - 133 = 5*s. Let x = s + 47. Calculate the highest common factor of y and x.
4
Suppose -6*v + 9*v = 12. Calculate the highest common divisor of v and 2.
2
Let b be (-3 - 21/(-6))*18. What is the greatest common divisor of b and 27?
9
Let b(c) = 38*c**2 - 4*c - 3. Let x be b(-1). Calculate the greatest common factor of 13 and x.
13
Suppose -2*b = -6*b + 32. Let r be (8*4)/(1 + 0). Calculate the highest common factor of b and r.
8
Let u = 17 + -13. Calculate the highest common factor of 32 and u.
4
Let f be (-2)/(-1*(-5)/(-45)). Calculate the greatest common divisor of f and 12.
6
Let i = -6 - -20. What is the greatest common factor of 42 and i?
14
Let g = -22 + 48. What is the highest common divisor of g and 39?
13
Let y be 5*(12/(-5))/(-2). Suppose 0*x = 2*x, -2*l = 4*x - 60. What is the greatest common factor of l and y?
6
Suppose 2*s = -2 + 10. Let u = s - -2. Calculate the highest common divisor of 2 and u.
2
Let q be (-2)/6 - 14/(-6). Let a = 26 + -20. Suppose -11*h + a*h = -15. What is the highest common factor of q and h?
1
Suppose -2 = -4*r + 18. Let q be 6/r*(-15)/(-2). What is the greatest common factor of q and 3?
3
Let r(m) = m - 1. Let b be r(0). Let w = b - -5. Suppose 4*c - 171 = -l, l - 6*l = 25. Calculate the highest common divisor of c and w.
4
Suppose 3*n - n = 12. Suppose m + n = 2*m. Calculate the greatest common divisor of m and 30.
6
Let l = 24 - 9. Let y = 3 + 1. Let f be 239/y + (-1)/(-4). Calculate the highest common factor of l and f.
15
Let k(r) = -r**2 + 8*r - 5. Let j be k(3). What is the highest common divisor of 30 and j?
10
Let a be 99/24 + 1/(-8). Calculate the greatest common factor of 12 and a.
4
Let h = 7 + 3. Calculate the highest common factor of h and 110.
10
Suppose 4*t + 28 = 4. Let b be (-136)/(-3) + t/18. Let v(h) = h**3 + 2*h - 3. Let d be v(3). What is the highest common factor of d and b?
15
Suppose -20 = -3*d + s + 14, 0 = -d - 5*s + 22. Suppose 5*g = 2*g. Suppose g = -0*y - 3*y + 288. What is the greatest common factor of y and d?
12
Let s be (-344 - 1)*1/(-3). What is the highest common factor of s and 46?
23
Suppose 2*y = -7 + 23. What is the greatest common divisor of 88 and y?
8
Let x(w) = w**2 - w + 5. Let l be x(4). Suppose 0 = 4*z + 2*h - 16, 3*h = 2*h + 2. Suppose -5*b = -z*b - 102. What is the highest common factor of b and l?
17
Let v = -10 + 20. Let o(i) = -i**2 - 17*i. Let m be o(-10). What is the greatest common factor of v and m?
10
Suppose 8 + 0 = 2*q. Let f be q/(-22) + 79/11. What is the highest common factor of 63 and f?
7
Let h = -60 + 76. What is the greatest common divisor of h and 32?
16
Let z(p) = p**3 - 3*p**2 - 2*p - 8. Suppose -4*k + 9 = -15. Let q be z(k). What is the greatest common factor of 8 and q?
8
Let j(h) = h + 12. Let y be j(-11). Let p be (y + -2)/((-3)/27). What is the highest common divisor of p and 54?
9
Let o(c) = -7*c + 2. Let w be o(-3). Let l(m) = -18*m - 39. Let v be l(-6). What is the greatest common factor of w and v?
23
Suppose -735 = -7*j + 2*j + 3*i, -3*j + 445 = -i. Calculate the greatest common divisor of j and 60.
30
Suppose 6 = 2*s - 0*s. Let x(g) = -g - g - 5*g**s + 4*g**3. Let n be x(-3). What is the greatest common factor of 22 and n?
11
Let u be 0 - 1 - (-4 + 4). Let p be (26/4)/(u/(-2)). Let w = -2 + p. What is the highest common divisor of w and 44?
11
Suppose -4*z + 32 = -5*l, z - 5 = -5*l - 22. Let k be (z/9)/(1/3). Let o be 0/(k - -2) - -12. Calculate the greatest common divisor of o and 36.
12
Let z be -2*(-2)/(-4)*-3. Let r(p) = -p**2 - 2*p - 4. Let m be r(z). Let w = -1 - m. Calculate the greatest common factor of w and 6.
6
Suppose -3*s + 4 = -11. Let f = -201 + 91. L